j = -x + 9, -4*j + 17 = 3*x. Suppose -x*c + 2 = 5. Is (0 + 923 - c) + -3 composite?
True
Suppose 9*x - 2*f = 4*x - 3185, -3*x = -3*f + 1920. Let l = 3392 + x. Is l composite?
True
Is 3234240/135 + 1/(-3) prime?
True
Suppose -202*r = -195*r - 41671. Is r composite?
False
Suppose f - 6 = 1. Suppose -t = -f*t + 198. Is t/(-6)*12/(-2) composite?
True
Let y(w) = w - 1. Let d be y(8). Suppose d*n = n + 2220. Suppose 0*v = -5*v + n. Is v prime?
False
Let c = 20371 - -13626. Is c prime?
True
Let c(v) = 65*v**2 + 13*v - 1. Let i(d) = 32*d**2 + 6*d. Let u(l) = -3*c(l) + 7*i(l). Suppose 31*a - 30*a = -2. Is u(a) prime?
True
Suppose 22649 = 75*m - 64*m. Is m prime?
False
Let t(n) = 3*n + 4. Let k be t(-2). Let o(y) = 263*y - 2. Let a(d) = 789*d - 7. Let m(s) = k*a(s) + 7*o(s). Is m(3) a prime number?
False
Suppose 0 = -11*t + 26596 - 933. Is t composite?
False
Let i be -3*(-4)/12*-1. Is ((-1294)/5)/(6/15*i) a prime number?
True
Suppose -4*l - t = -4*t - 878, 0 = l - t - 219. Let s = l - -746. Is s prime?
True
Suppose 3*z + 3*y - 4*y - 24861 = 0, 0 = -4*z - 2*y + 33148. Is z prime?
True
Let n(y) = -3 - 10 + 0 - 92*y. Is n(-7) composite?
False
Let s(v) = -v**2 + 10*v - 13. Let q be s(5). Is 172/3 + (-4)/q + 1 composite?
True
Let b(s) = 18*s - 4. Let n be b(2). Suppose 0 = -2*a - 8, v + 3 = -5*a + n. Suppose 0 = -m + 5*o + 135, -m + v = -3*o - 90. Is m a prime number?
False
Let p(d) = 3846*d - 103. Is p(9) a composite number?
False
Let s(t) = -t**3 - 10*t**2 + 22*t + 15. Let i be s(-13). Let j = -57 + i. Is j a prime number?
True
Let m(i) be the second derivative of i**6/60 - i**5/60 - 5*i**4/24 + 5*i**3/6 + 6*i. Let b(d) be the second derivative of m(d). Is b(4) a prime number?
True
Let i(b) = 10*b**2 - 2*b - 1. Let s(r) be the first derivative of r**4/4 + 11*r**3/3 + 11*r**2/2 + 12*r + 4. Let x be s(-10). Is i(x) prime?
False
Suppose -5*p = -3*w + 42, 0 = 2*p + 5*w - 2*w. Let x be ((-2)/p)/((-4)/(-24)). Suppose -x*m - 1175 = -7*m. Is m composite?
True
Let y be 0/((-4 - -9) + -3). Suppose y = -2*c - v + 1679, 4*c + 3*v + 972 = 4331. Suppose 9*b - 4*b - 2*m - c = 0, 5*b + 2*m = 851. Is b composite?
True
Is 2691858/104*4/3 composite?
False
Suppose 0 = h - 4. Suppose -2*n - 185 = -g, -h*g - 229 + 945 = -2*n. Suppose 2*r - 49 = g. Is r prime?
True
Suppose 2*j - 228 = -3*c + c, -454 = -4*c - 2*j. Is c prime?
True
Let b = -6865 - -14316. Is b a composite number?
False
Suppose -4*r = -7*r + 6. Suppose 766 + 488 = 3*g - b, 413 = g - r*b. Is g a composite number?
False
Let s(z) = 66*z + 64. Let j(d) = 22*d + 21. Let n(q) = -7*j(q) + 2*s(q). Is n(-8) a composite number?
False
Let d(i) = -i**3 + 5*i**2 + 8*i + 2. Let t be d(6). Let l = t + -12. Suppose l*c = -c + 1113. Is c composite?
True
Let n be (3 - 1) + (-1 - 3 - -4). Suppose n*x - 1395 = 887. Is x a composite number?
True
Let o = -41672 - -58959. Is o a composite number?
True
Suppose -4*n + 4734 = x, -7*n + 10*n - 18871 = -4*x. Is x a prime number?
False
Suppose 0 = 77*y - 47*y - 1210290. Is y a composite number?
False
Let o(l) = l**3 - 10*l**2 - 11*l + 2. Let z be o(11). Suppose -z*a + 227 = 2*q - 221, -3*a + 4*q = -665. Is a prime?
True
Let z be 4/18 + 34/9. Suppose 0 = o + 4*k + 22, z*o - 4*k - k + 67 = 0. Is (-1902)/o - (-2)/6 prime?
False
Let x(b) = 24*b + 7. Suppose -5*v = -3*r + 17, 2*r = 3*v - 4 + 15. Suppose -3*t + 40 = t + r*n, -2*t + 2*n = 0. Is x(t) composite?
False
Let t be (3 - 4)/(3/(-23688)). Suppose -2*m - t = -5*k, -2*m + 1711 = 3*k - 3033. Suppose 0 = -5*s, -5*s = -4*d - 0*s + k. Is d composite?
True
Is 6*22/6*36745/10 a composite number?
True
Suppose 0 = 4*g + 4*a - 28, 0 = -g - 3*g + 5*a - 17. Suppose 10 = -6*y + y, 4*c = g*y + 7376. Is c a composite number?
True
Suppose h - 12089 = -6*h. Is h composite?
True
Let a(k) = k**2 + 2*k - 1. Let m be a(-3). Suppose -3*w = 4*d + 8, -3*d + m*w = -0*w - 11. Is (d + 11)/(-4) - -82 prime?
True
Let g(y) = -2135*y - 152. Is g(-15) composite?
False
Is 1*62201 - (45 + -33) prime?
True
Suppose 2*x + 6 = -18. Is (x/3 + 5)/(1/161) composite?
True
Let o(a) = -14*a + 15. Let k be 136/(-10) + 22/(-55). Is o(k) a composite number?
False
Let q(t) = 2 + 2 - 11*t**2 + t - 4*t**3 + 10*t**2. Let x be q(-3). Suppose 2*o + 2*m = 52, 0*o - 4*o = 3*m - x. Is o composite?
True
Suppose 0 = -144*a + 135*a + 12033. Is a composite?
True
Is 14336 + 9 + -12 + 8 a prime number?
True
Suppose 0 = k + 3*p, k - 2*p = -0*p + 5. Suppose -c + k = -2. Suppose -3*b - c*w = -568, 759 = -2*b + 6*b + 5*w. Is b a composite number?
False
Suppose -3*l - 2 + 23 = 0. Suppose -2*p = -2*t + 3*t - l, -5*t + 15 = 0. Suppose 0 = 5*r - n - 2*n - 95, -r = -p*n - 19. Is r prime?
True
Let v = 21098 - 465. Is v prime?
False
Let a(p) = -10*p + 1 - 3*p + 3*p + 25*p**2 + 10. Is a(6) a composite number?
True
Let h(u) = 9024*u**2 + 9*u + 8. Is h(-1) a composite number?
True
Let r(d) = d**3 + 2*d**3 - 4*d**3 - 7 - 11*d - 3*d**2 + 3. Is r(-9) composite?
True
Suppose 0*x = -3*x + 12, -s = -4*x + 16. Is s + -2 + (-1762)/(-6 + 4) prime?
False
Let o(m) = 2*m**2 + 19*m + 9. Let u be o(-8). Is 3446/6 - (-20)/u a composite number?
True
Suppose -g + 5077 = -4*r, -2*g - 10136 = -4*g - r. Is g composite?
True
Suppose 3*z = -7462 - 1361. Let c = 5274 + z. Is c a composite number?
False
Let m(f) = f**2 - 48*f + 2279. Is m(0) prime?
False
Let u(a) = -a + 1249. Let q be (-3)/(-7) - 30/70. Is u(q) composite?
False
Let o(j) = -2*j - 4. Let r be o(-3). Suppose -1036 = -6*p + 5*p. Suppose 0 = r*v + 2*v - p. Is v a prime number?
False
Let b = 293 - -57. Is (-3 - b/(-5))/1 a prime number?
True
Suppose -5*w + 5*l + 5 = 0, 2*w = 3*w + 5*l - 25. Let h(x) be the first derivative of 14*x**3/3 - 3*x**2/2 - 6*x + 4. Is h(w) prime?
False
Suppose -f - 4*f + 5*t = 1805, 3*f - t + 1091 = 0. Let r = 630 + f. Is r a prime number?
False
Let c be -3 - (-22)/8 - 19034/(-8). Let q = -1598 + c. Is q a prime number?
False
Suppose 2958 = n + k, 14783 = 5*n - 6*k + 4*k. Is n a composite number?
False
Is (-1 + 4 + 1)*(-30757)/(-4) composite?
False
Is ((-1240)/(-32) - -18)/(2/1096) a composite number?
True
Let c = 89 - 115. Let z(o) = -o**2 - 56*o - 1. Is z(c) composite?
True
Suppose -w + 3*a - 13 = -0*w, -2*a - 6 = 3*w. Is (-2)/w + (-11114)/(-4) composite?
True
Let l be (6/6)/(1 + -2). Is -199*33/(-11)*l/(-3) prime?
True
Let u(h) = 149*h**2 - 6*h - 51. Is u(-8) composite?
False
Suppose 12*a - 56290 = 5474. Is a prime?
True
Suppose 2*d = n - 22, -3*d - 51 = -5*n + 24. Suppose 7*b - n = 4*b. Is b*(-4 + 111/6) a composite number?
True
Let u(q) = -4546*q - 41. Is u(-4) composite?
False
Suppose 6610 = 6*u - 7742. Let l be 51632/(-35) + (-1)/(-5). Let w = l + u. Is w prime?
False
Let b = -6 + 8. Let j be b - (1 - -10) - -3. Is (-2510)/j + (-8)/(-12) prime?
True
Let s(y) = -1617*y + 55. Is s(-8) a composite number?
True
Suppose 0 = -4*m + 7*d - 3*d + 24, 2*m + 5*d = 26. Is 9682/m - (-60)/80 a composite number?
True
Is -2*((-62614)/(-3))/(72/(-54)) prime?
True
Suppose -2*u + 50 = 44. Suppose -u*q + 3548 = 2*a, 4*q + 0*q = -5*a + 4733. Suppose 3*j = 2*z + q, -4*j + 0*z - 2*z + 1576 = 0. Is j a prime number?
False
Suppose -2*f - 5*y - 35 = -0*y, 0 = -f - 5*y - 25. Let h = -18 - f. Is 0 - (-3)/(-6)*h a prime number?
False
Let f(x) = -283*x + 5. Let r(t) = -282*t + 4. Let z(k) = 4*f(k) - 3*r(k). Is z(-5) prime?
False
Suppose 0 = -4*b + 2 + 2, 2*m - 15576 = 2*b. Is m a composite number?
False
Suppose 15 = -0*o + 3*o, 5*y - 2835 = -2*o. Is y a prime number?
False
Suppose 4*z + 11 - 3 = 0, 3*z = o + 224. Let a = o - -432. Is a a composite number?
True
Is (2/8)/((-13131)/1876 + 7) prime?
False
Suppose 2*i + 359 = 3*i + 2*g, -4*g + 12 = 0. Let z = i + -162. Is z prime?
True
Is (962/(-39))/(0 + (-2)/993) a composite number?
True
Suppose 3854 = 17*h - 12993. Is h a prime number?
True
Let w be 2*-5*48/5. Let p be 181*3*3/9. Let l = p + w. Is l prime?
False
Let z = 98 - 98. Suppose -5*k + 2255 - 70 = z. Is k a prime number?
False
Suppose 12*l - 4473 = -1653. Is l composite?
True
Let h(m) = m + 4. Let z = 22 - 20. Let t be h(z). Suppose -t*n = -755 + 191. Is n a composite number?
True
Suppose -b - a - 296 = -2*b, 5*b + 4*a - 1507 = 0. Let m = b - 172. Is m a prime number?
True
Suppose -33*f = -77*f + 148324. Is f composite?
False
Suppose 2*g + 7 = -3, 4*u - 125 = -3*g. L